{"id":81,"date":"2024-05-07T16:58:42","date_gmt":"2024-05-07T14:58:42","guid":{"rendered":"https:\/\/labeaubourgeoise.fr\/?page_id=81"},"modified":"2025-08-13T08:44:04","modified_gmt":"2025-08-13T06:44:04","slug":"accueil","status":"publish","type":"page","link":"https:\/\/labeaubourgeoise.fr\/?page_id=81","title":{"rendered":"Accueil"},"content":{"rendered":"\t\t<div data-elementor-type=\"wp-page\" data-elementor-id=\"81\" class=\"elementor elementor-81\">\n\t\t\t\t<div class=\"elementor-element elementor-element-56fc12a0 e-flex e-con-boxed e-con e-parent\" data-id=\"56fc12a0\" data-element_type=\"container\" data-settings=\"{&quot;content_width&quot;:&quot;boxed&quot;}\" data-core-v316-plus=\"true\">\n\t\t\t\t\t<div class=\"e-con-inner\">\n\t\t\t\t<div class=\"elementor-element elementor-element-2eaa6f9c elementor-widget elementor-widget-text-editor\" data-id=\"2eaa6f9c\" data-element_type=\"widget\" data-widget_type=\"text-editor.default\">\n\t\t\t\t<div class=\"elementor-widget-container\">\n\t\t\t<style>\/*! elementor - v3.19.0 - 07-02-2024 *\/\n.elementor-widget-text-editor.elementor-drop-cap-view-stacked .elementor-drop-cap{background-color:#69727d;color:#fff}.elementor-widget-text-editor.elementor-drop-cap-view-framed .elementor-drop-cap{color:#69727d;border:3px solid;background-color:transparent}.elementor-widget-text-editor:not(.elementor-drop-cap-view-default) .elementor-drop-cap{margin-top:8px}.elementor-widget-text-editor:not(.elementor-drop-cap-view-default) .elementor-drop-cap-letter{width:1em;height:1em}.elementor-widget-text-editor .elementor-drop-cap{float:left;text-align:center;line-height:1;font-size:50px}.elementor-widget-text-editor .elementor-drop-cap-letter{display:inline-block}<\/style>\t\t\t\t<!-- wp:paragraph -->\n<p>Bienvenue sur le site de la Beaubourgeoise !<\/p>\n<!-- \/wp:paragraph -->\n\n<!-- wp:paragraph -->\n<p>La Beaubourgeoise est l&rsquo;association qui regroupe les commer\u00e7ants, artisans et professions lib\u00e9rales de Blotzheim.<\/p>\n<!-- \/wp:paragraph -->\n\n<!-- wp:paragraph -->\n<p>Fond\u00e9e il y a plus de 22 ans, elle a pour mission de dynamiser le commerce local et de promouvoir les activit\u00e9s de ses membres. L&rsquo;association organise divers \u00e9v\u00e8nements et initiatives visant \u00e0 encourager le commerce de proximit\u00e9 et \u00e0 soutenir les entreprises locales.<\/p>\n<!-- \/wp:paragraph -->\n\n<!-- wp:paragraph -->\n<p>Elle joue un r\u00f4le cl\u00e9 dans la vie \u00e9conomique et sociale de Blotzheim, favorisant les \u00e9changes et la collaboration entre commer\u00e7ants, artisans, professions lib\u00e9rales et leurs clients.<\/p>\n<!-- \/wp:paragraph -->\n\n<!-- wp:paragraph -->\n<p>Envie d&rsquo;en savoir plus ou de nous rejoindre ? (voir le formulaire d&rsquo;adh\u00e9sion)<\/p>\n<!-- \/wp:paragraph -->\n\n<!-- wp:paragraph -->\n<p>Un mail : labeaubourgeoise@gmail.com   Un t\u00e9l\u00e9phone : 07 68 507 433<\/p>\n<!-- \/wp:paragraph -->\n\n<!-- wp:paragraph -->\n<p>Christophe RITTER, pr\u00e9sident de la Beaubourgeoise<\/p>\n<!-- \/wp:paragraph -->\t\t\t\t\t\t<\/div>\n\t\t\t\t<\/div>\n\t\t\t\t<div class=\"elementor-element elementor-element-b570c97 elementor-widget elementor-widget-image\" data-id=\"b570c97\" data-element_type=\"widget\" data-widget_type=\"image.default\">\n\t\t\t\t<div class=\"elementor-widget-container\">\n\t\t\t<style>\/*! elementor - v3.19.0 - 07-02-2024 *\/\n.elementor-widget-image{text-align:center}.elementor-widget-image a{display:inline-block}.elementor-widget-image a img[src$=\".svg\"]{width:48px}.elementor-widget-image img{vertical-align:middle;display:inline-block}<\/style>\t\t\t\t\t\t\t\t\t\t<img fetchpriority=\"high\" decoding=\"async\" width=\"1024\" height=\"1024\" src=\"https:\/\/labeaubourgeoise.fr\/wp-content\/uploads\/2024\/11\/2025-1024x1024.png\" class=\"attachment-large size-large wp-image-131\" alt=\"\" srcset=\"https:\/\/labeaubourgeoise.fr\/wp-content\/uploads\/2024\/11\/2025-1024x1024.png 1024w, https:\/\/labeaubourgeoise.fr\/wp-content\/uploads\/2024\/11\/2025-300x300.png 300w, https:\/\/labeaubourgeoise.fr\/wp-content\/uploads\/2024\/11\/2025-150x150.png 150w, https:\/\/labeaubourgeoise.fr\/wp-content\/uploads\/2024\/11\/2025-768x768.png 768w, https:\/\/labeaubourgeoise.fr\/wp-content\/uploads\/2024\/11\/2025.png 1181w\" sizes=\"(max-width: 1024px) 100vw, 1024px\" \/>\t\t\t\t\t\t\t\t\t\t\t\t\t<\/div>\n\t\t\t\t<\/div>\n\t\t\t\t<div class=\"elementor-element elementor-element-b232c52 elementor-widget elementor-widget-heading\" data-id=\"b232c52\" data-element_type=\"widget\" data-widget_type=\"heading.default\">\n\t\t\t\t<div class=\"elementor-widget-container\">\n\t\t\t<style>\/*! elementor - v3.19.0 - 07-02-2024 *\/\n.elementor-heading-title{padding:0;margin:0;line-height:1}.elementor-widget-heading .elementor-heading-title[class*=elementor-size-]>a{color:inherit;font-size:inherit;line-height:inherit}.elementor-widget-heading .elementor-heading-title.elementor-size-small{font-size:15px}.elementor-widget-heading .elementor-heading-title.elementor-size-medium{font-size:19px}.elementor-widget-heading .elementor-heading-title.elementor-size-large{font-size:29px}.elementor-widget-heading .elementor-heading-title.elementor-size-xl{font-size:39px}.elementor-widget-heading .elementor-heading-title.elementor-size-xxl{font-size:59px}<\/style><h2 class=\"elementor-heading-title elementor-size-default\"><a href=\"https:\/\/www.helloasso.com\/associations\/federation-des-associations-de-commercants-et-artisans-des-3-frontieres\/evenements\/soiree-celtique-20-septembre-2025\">Pr\u00e9vente : cliquez ici !\n\n<\/a><\/h2>\t\t<\/div>\n\t\t\t\t<\/div>\n\t\t\t\t<div class=\"elementor-element elementor-element-965eeef elementor-widget elementor-widget-image\" data-id=\"965eeef\" data-element_type=\"widget\" data-widget_type=\"image.default\">\n\t\t\t\t<div class=\"elementor-widget-container\">\n\t\t\t\t\t\t\t\t\t\t\t\t\t<img decoding=\"async\" width=\"730\" height=\"1024\" src=\"https:\/\/labeaubourgeoise.fr\/wp-content\/uploads\/2025\/08\/Concert-PBB-730x1024.png\" class=\"attachment-large size-large wp-image-253\" alt=\"\" srcset=\"https:\/\/labeaubourgeoise.fr\/wp-content\/uploads\/2025\/08\/Concert-PBB-730x1024.png 730w, https:\/\/labeaubourgeoise.fr\/wp-content\/uploads\/2025\/08\/Concert-PBB-214x300.png 214w, https:\/\/labeaubourgeoise.fr\/wp-content\/uploads\/2025\/08\/Concert-PBB-768x1078.png 768w, https:\/\/labeaubourgeoise.fr\/wp-content\/uploads\/2025\/08\/Concert-PBB-1094x1536.png 1094w, https:\/\/labeaubourgeoise.fr\/wp-content\/uploads\/2025\/08\/Concert-PBB-1459x2048.png 1459w, https:\/\/labeaubourgeoise.fr\/wp-content\/uploads\/2025\/08\/Concert-PBB.png 1700w\" sizes=\"(max-width: 730px) 100vw, 730px\" \/>\t\t\t\t\t\t\t\t\t\t\t\t\t<\/div>\n\t\t\t\t<\/div>\n\t\t\t\t\t<\/div>\n\t\t\t\t<\/div>\n\t\t<div class=\"elementor-element elementor-element-de3fdaf e-flex e-con-boxed e-con e-parent\" data-id=\"de3fdaf\" data-element_type=\"container\" data-settings=\"{&quot;content_width&quot;:&quot;boxed&quot;}\" data-core-v316-plus=\"true\">\n\t\t\t\t\t<div class=\"e-con-inner\">\n\t\t\t\t\t<\/div>\n\t\t\t\t<\/div>\n\t\t\t\t<\/div>\n\t\t","protected":false},"excerpt":{"rendered":"<p>Bienvenue sur le site de la Beaubourgeoise ! La Beaubourgeoise est l&rsquo;association qui regroupe les commer\u00e7ants, artisans et professions lib\u00e9rales de Blotzheim. Fond\u00e9e il y a plus de 22 ans, elle a pour mission de dynamiser le commerce local et de promouvoir les activit\u00e9s de ses membres. L&rsquo;association organise divers \u00e9v\u00e8nements et initiatives visant \u00e0 [&hellip;]<\/p>\n","protected":false},"author":1,"featured_media":0,"parent":0,"menu_order":0,"comment_status":"closed","ping_status":"closed","template":"","meta":{"footnotes":""},"class_list":["post-81","page","type-page","status-publish","hentry"],"_links":{"self":[{"href":"https:\/\/labeaubourgeoise.fr\/index.php?rest_route=\/wp\/v2\/pages\/81","targetHints":{"allow":["GET"]}}],"collection":[{"href":"https:\/\/labeaubourgeoise.fr\/index.php?rest_route=\/wp\/v2\/pages"}],"about":[{"href":"https:\/\/labeaubourgeoise.fr\/index.php?rest_route=\/wp\/v2\/types\/page"}],"author":[{"embeddable":true,"href":"https:\/\/labeaubourgeoise.fr\/index.php?rest_route=\/wp\/v2\/users\/1"}],"replies":[{"embeddable":true,"href":"https:\/\/labeaubourgeoise.fr\/index.php?rest_route=%2Fwp%2Fv2%2Fcomments&post=81"}],"version-history":[{"count":14,"href":"https:\/\/labeaubourgeoise.fr\/index.php?rest_route=\/wp\/v2\/pages\/81\/revisions"}],"predecessor-version":[{"id":257,"href":"https:\/\/labeaubourgeoise.fr\/index.php?rest_route=\/wp\/v2\/pages\/81\/revisions\/257"}],"wp:attachment":[{"href":"https:\/\/labeaubourgeoise.fr\/index.php?rest_route=%2Fwp%2Fv2%2Fmedia&parent=81"}],"curies":[{"name":"wp","href":"https:\/\/api.w.org\/{rel}","templated":true}]}}

<div data-elementor-type="wp-page" data-elementor-id="81" class="elementor elementor-81">
				<div class="elementor-element elementor-element-56fc12a0 e-flex e-con-boxed e-con e-parent" data-id="56fc12a0" data-element_type="container" data-settings="{&quot;content_width&quot;:&quot;boxed&quot;}" data-core-v316-plus="true">
					<div class="e-con-inner">
				<div class="elementor-element elementor-element-2eaa6f9c elementor-widget elementor-widget-text-editor" data-id="2eaa6f9c" data-element_type="widget" data-widget_type="text-editor.default">
				<div class="elementor-widget-container">
			<style>/*! elementor - v3.19.0 - 07-02-2024 */
.elementor-widget-text-editor.elementor-drop-cap-view-stacked .elementor-drop-cap{background-color:#69727d;color:#fff}.elementor-widget-text-editor.elementor-drop-cap-view-framed .elementor-drop-cap{color:#69727d;border:3px solid;background-color:transparent}.elementor-widget-text-editor:not(.elementor-drop-cap-view-default) .elementor-drop-cap{margin-top:8px}.elementor-widget-text-editor:not(.elementor-drop-cap-view-default) .elementor-drop-cap-letter{width:1em;height:1em}.elementor-widget-text-editor .elementor-drop-cap{float:left;text-align:center;line-height:1;font-size:50px}.elementor-widget-text-editor .elementor-drop-cap-letter{display:inline-block}</style>				<!-- wp:paragraph -->
<p>Bienvenue sur le site de la Beaubourgeoise !</p>
<!-- /wp:paragraph -->

<!-- wp:paragraph -->
<p>La Beaubourgeoise est l&rsquo;association qui regroupe les commerçants, artisans et professions libérales de Blotzheim.</p>
<!-- /wp:paragraph -->

<!-- wp:paragraph -->
<p>Fondée il y a plus de 22 ans, elle a pour mission de dynamiser le commerce local et de promouvoir les activités de ses membres. L&rsquo;association organise divers évènements et initiatives visant à encourager le commerce de proximité et à soutenir les entreprises locales.</p>
<!-- /wp:paragraph -->

<!-- wp:paragraph -->
<p>Elle joue un rôle clé dans la vie économique et sociale de Blotzheim, favorisant les échanges et la collaboration entre commerçants, artisans, professions libérales et leurs clients.</p>
<!-- /wp:paragraph -->

<!-- wp:paragraph -->
<p>Envie d&rsquo;en savoir plus ou de nous rejoindre ? (voir le formulaire d&rsquo;adhésion)</p>
<!-- /wp:paragraph -->

<!-- wp:paragraph -->
<p>Un mail : labeaubourgeoise@gmail.com   Un téléphone : 07 68 507 433</p>
<!-- /wp:paragraph -->

<!-- wp:paragraph -->
<p>Christophe RITTER, président de la Beaubourgeoise</p>
<!-- /wp:paragraph -->						</div>
				</div>
				<div class="elementor-element elementor-element-b570c97 elementor-widget elementor-widget-image" data-id="b570c97" data-element_type="widget" data-widget_type="image.default">
				<div class="elementor-widget-container">
			<style>/*! elementor - v3.19.0 - 07-02-2024 */
.elementor-widget-image{text-align:center}.elementor-widget-image a{display:inline-block}.elementor-widget-image a img[src$=".svg"]{width:48px}.elementor-widget-image img{vertical-align:middle;display:inline-block}</style>										<img fetchpriority="high" decoding="async" width="1024" height="1024" src="https://labeaubourgeoise.fr/wp-content/uploads/2024/11/2025-1024x1024.png" class="attachment-large size-large wp-image-131" alt="" srcset="https://labeaubourgeoise.fr/wp-content/uploads/2024/11/2025-1024x1024.png 1024w, https://labeaubourgeoise.fr/wp-content/uploads/2024/11/2025-300x300.png 300w, https://labeaubourgeoise.fr/wp-content/uploads/2024/11/2025-150x150.png 150w, https://labeaubourgeoise.fr/wp-content/uploads/2024/11/2025-768x768.png 768w, https://labeaubourgeoise.fr/wp-content/uploads/2024/11/2025.png 1181w" sizes="(max-width: 1024px) 100vw, 1024px" />													</div>
				</div>
				<div class="elementor-element elementor-element-b232c52 elementor-widget elementor-widget-heading" data-id="b232c52" data-element_type="widget" data-widget_type="heading.default">
				<div class="elementor-widget-container">
			<style>/*! elementor - v3.19.0 - 07-02-2024 */
.elementor-heading-title{padding:0;margin:0;line-height:1}.elementor-widget-heading .elementor-heading-title[class*=elementor-size-]>a{color:inherit;font-size:inherit;line-height:inherit}.elementor-widget-heading .elementor-heading-title.elementor-size-small{font-size:15px}.elementor-widget-heading .elementor-heading-title.elementor-size-medium{font-size:19px}.elementor-widget-heading .elementor-heading-title.elementor-size-large{font-size:29px}.elementor-widget-heading .elementor-heading-title.elementor-size-xl{font-size:39px}.elementor-widget-heading .elementor-heading-title.elementor-size-xxl{font-size:59px}</style><h2 class="elementor-heading-title elementor-size-default"><a href="https://www.helloasso.com/associations/federation-des-associations-de-commercants-et-artisans-des-3-frontieres/evenements/soiree-celtique-20-septembre-2025">Prévente : cliquez ici !

</a></h2>		</div>
				</div>
				<div class="elementor-element elementor-element-965eeef elementor-widget elementor-widget-image" data-id="965eeef" data-element_type="widget" data-widget_type="image.default">
				<div class="elementor-widget-container">
													<img decoding="async" width="730" height="1024" src="https://labeaubourgeoise.fr/wp-content/uploads/2025/08/Concert-PBB-730x1024.png" class="attachment-large size-large wp-image-253" alt="" srcset="https://labeaubourgeoise.fr/wp-content/uploads/2025/08/Concert-PBB-730x1024.png 730w, https://labeaubourgeoise.fr/wp-content/uploads/2025/08/Concert-PBB-214x300.png 214w, https://labeaubourgeoise.fr/wp-content/uploads/2025/08/Concert-PBB-768x1078.png 768w, https://labeaubourgeoise.fr/wp-content/uploads/2025/08/Concert-PBB-1094x1536.png 1094w, https://labeaubourgeoise.fr/wp-content/uploads/2025/08/Concert-PBB-1459x2048.png 1459w, https://labeaubourgeoise.fr/wp-content/uploads/2025/08/Concert-PBB.png 1700w" sizes="(max-width: 730px) 100vw, 730px" />													</div>
				</div>
					</div>
				</div>
		<div class="elementor-element elementor-element-de3fdaf e-flex e-con-boxed e-con e-parent" data-id="de3fdaf" data-element_type="container" data-settings="{&quot;content_width&quot;:&quot;boxed&quot;}" data-core-v316-plus="true">
					<div class="e-con-inner">
					</div>
				</div>
				</div>

<p>Bienvenue sur le site de la Beaubourgeoise ! La Beaubourgeoise est l&rsquo;association qui regroupe les commerçants, artisans et professions libérales de Blotzheim. Fondée il y a plus de 22 ans, elle a pour mission de dynamiser le commerce local et de promouvoir les activités de ses membres. L&rsquo;association organise divers évènements et initiatives visant à [&hellip;]</p>
